{"id":36369,"date":"2026-02-17T13:08:58","date_gmt":"2026-02-17T11:08:59","guid":{"rendered":"https:\/\/andres.ee\/?post_type=product&#038;p=36369"},"modified":"2026-02-17T13:14:43","modified_gmt":"2026-02-17T11:14:43","slug":"semi","status":"publish","type":"product","link":"https:\/\/andres.ee\/fi\/tuotteet\/takan-eteen-asetettava-lattialasi\/semi\/","title":{"rendered":"Semi"},"content":{"rendered":"<div class=\"fusion-fullwidth fullwidth-box fusion-builder-row-1 fusion-flex-container nonhundred-percent-fullwidth non-hundred-percent-height-scrolling\" style=\"background-color: rgba(255,255,255,0);background-position: center center;background-repeat: no-repeat;border-width: 0px 0px 0px 0px;border-color:#eae9e9;border-style:solid;\" ><div class=\"fusion-builder-row fusion-row fusion-flex-align-items-flex-start\" style=\"max-width:1248px;margin-left: calc(-4% \/ 2 );margin-right: calc(-4% \/ 2 );\"><div class=\"fusion-layout-column fusion_builder_column fusion-builder-column-0 fusion_builder_column_1_1 1_1 fusion-flex-column\"><div class=\"fusion-column-wrapper fusion-flex-justify-content-flex-start fusion-content-layout-column\" style=\"background-position:left top;background-repeat:no-repeat;-webkit-background-size:cover;-moz-background-size:cover;-o-background-size:cover;background-size:cover;padding: 0px 0px 0px 0px;\"><div ><style type=\"text\/css\">.fusion-button.button-1 {border-radius:0px;}<\/style><a class=\"fusion-button button-flat fusion-button-default-size button-default button-1 fusion-button-default-span fusion-button-default-type\" target=\"_blank\" rel=\"noopener noreferrer\" href=\"mailto:andres@andres.ee?subject=Kamina%20p\u00f5randa%20klaasi%20p\u00e4ring\"><span class=\"fusion-button-text\">L\u00e4het\u00e4 tiedustelu<\/span><\/a><\/div><div ><style type=\"text\/css\">.fusion-button.button-2 {border-radius:0px;}<\/style><a class=\"fusion-button button-flat fusion-button-default-size button-default button-2 fusion-button-default-span fusion-button-default-type\" target=\"_blank\" rel=\"noopener noreferrer\" href=\"https:\/\/andres.ee\/wp-content\/uploads\/2026\/02\/Floor-glass-manual_FI_148x210mm.pdf\"><span class=\"fusion-button-text\">Asennus- ja huolto-ohje<\/span><\/a><\/div><\/div><\/div><style type=\"text\/css\">.fusion-body .fusion-builder-column-0{width:100% !important;margin-top : 0px;margin-bottom : 0px;}.fusion-builder-column-0 > .fusion-column-wrapper {padding-top : 0px !important;padding-right : 0px !important;margin-right : 1.92%;padding-bottom : 0px !important;padding-left : 0px !important;margin-left : 1.92%;}@media only screen and (max-width:1024px) {.fusion-body .fusion-builder-column-0{width:100% !important;order : 0;}.fusion-builder-column-0 > .fusion-column-wrapper {margin-right : 1.92%;margin-left : 1.92%;}}@media only screen and (max-width:640px) {.fusion-body .fusion-builder-column-0{width:100% !important;order : 0;}.fusion-builder-column-0 > .fusion-column-wrapper {margin-right : 1.92%;margin-left : 1.92%;}}<\/style><\/div><style type=\"text\/css\">.fusion-body .fusion-flex-container.fusion-builder-row-1{ padding-top : 0px;margin-top : 0px;padding-right : 0px;padding-bottom : 0px;margin-bottom : 0px;padding-left : 0px;}<\/style><\/div>\n","protected":false},"excerpt":{"rendered":"<p data-start=\"497\" data-end=\"800\">Takan eteen asetettava lattialasi suojaa lattiaa l\u00e4mm\u00f6lt\u00e4, kipin\u00f6ilt\u00e4 ja tuhkalta. Karkaistu turvalasi on kest\u00e4v\u00e4 ja helposti huollettavissa, ja se sopii erilaisille takkatyypeille. L\u00e4pin\u00e4kyv\u00e4 ja minimalistinen ratkaisu s\u00e4ilytt\u00e4\u00e4 tilan visuaalisen avaruuden ja sopii erilaisten sisustustyylien kanssa.<\/p>\n<p data-start=\"802\" data-end=\"843\">Saatavilla eri kokoisina ja muotoisina.<\/p>\n","protected":false},"featured_media":36428,"template":"","meta":[],"yoast_head":"<!-- This site is optimized with the Yoast SEO plugin v15.3 - https:\/\/yoast.com\/wordpress\/plugins\/seo\/ -->\n<title>Semi - Andres<\/title>\n<meta name=\"robots\" content=\"index, follow, max-snippet:-1, max-image-preview:large, max-video-preview:-1\" \/>\n<link rel=\"canonical\" href=\"https:\/\/andres.ee\/fi\/tuotteet\/kaminaesine-porandaklaas\/semi\/\" \/>\n<meta property=\"og:locale\" content=\"fi_FI\" \/>\n<meta property=\"og:type\" content=\"article\" \/>\n<meta property=\"og:title\" content=\"Semi - Andres\" \/>\n<meta property=\"og:description\" content=\"Takan eteen asetettava lattialasi suojaa lattiaa l\u00e4mm\u00f6lt\u00e4, kipin\u00f6ilt\u00e4 ja tuhkalta. Karkaistu turvalasi on kest\u00e4v\u00e4 ja helposti huollettavissa, ja se sopii erilaisille takkatyypeille. L\u00e4pin\u00e4kyv\u00e4 ja minimalistinen ratkaisu s\u00e4ilytt\u00e4\u00e4 tilan visuaalisen avaruuden ja sopii erilaisten sisustustyylien kanssa. Saatavilla eri kokoisina ja muotoisina.\" \/>\n<meta property=\"og:url\" content=\"https:\/\/andres.ee\/et\/tuotteet\/kaminaesine-porandaklaas\/semi\/\" \/>\n<meta property=\"og:site_name\" content=\"Andres\" \/>\n<meta property=\"article:modified_time\" content=\"2026-02-17T11:14:43+00:00\" \/>\n<meta property=\"og:image\" content=\"https:\/\/andres.ee\/wp-content\/uploads\/2026\/02\/Semi_1100x950.png\" \/>\n\t<meta property=\"og:image:width\" content=\"1080\" \/>\n\t<meta property=\"og:image:height\" content=\"1080\" \/>\n<meta name=\"twitter:card\" content=\"summary_large_image\" \/>\n<meta name=\"twitter:label1\" content=\"Written by\">\n\t<meta name=\"twitter:data1\" content=\"Krislyn Lillev\u00e4li\">\n\t<meta name=\"twitter:label2\" content=\"Est. reading time\">\n\t<meta name=\"twitter:data2\" content=\"3 minuuttia\">\n<script type=\"application\/ld+json\" class=\"yoast-schema-graph\">{\"@context\":\"https:\/\/schema.org\",\"@graph\":[{\"@type\":\"WebSite\",\"@id\":\"https:\/\/andres.ee\/et\/#website\",\"url\":\"https:\/\/andres.ee\/et\/\",\"name\":\"Andres\",\"description\":\"Glass Solutions\",\"potentialAction\":[{\"@type\":\"SearchAction\",\"target\":\"https:\/\/andres.ee\/et\/?s={search_term_string}\",\"query-input\":\"required name=search_term_string\"}],\"inLanguage\":\"fi\"},{\"@type\":\"ImageObject\",\"@id\":\"https:\/\/andres.ee\/et\/tuotteet\/kaminaesine-porandaklaas\/semi\/#primaryimage\",\"inLanguage\":\"fi\",\"url\":\"https:\/\/andres.ee\/wp-content\/uploads\/2026\/02\/Semi_1100x950.png\",\"width\":1080,\"height\":1080},{\"@type\":\"WebPage\",\"@id\":\"https:\/\/andres.ee\/et\/tuotteet\/kaminaesine-porandaklaas\/semi\/#webpage\",\"url\":\"https:\/\/andres.ee\/et\/tuotteet\/kaminaesine-porandaklaas\/semi\/\",\"name\":\"Semi - Andres\",\"isPartOf\":{\"@id\":\"https:\/\/andres.ee\/et\/#website\"},\"primaryImageOfPage\":{\"@id\":\"https:\/\/andres.ee\/et\/tuotteet\/kaminaesine-porandaklaas\/semi\/#primaryimage\"},\"datePublished\":\"2026-02-17T11:08:59+00:00\",\"dateModified\":\"2026-02-17T11:14:43+00:00\",\"inLanguage\":\"fi\",\"potentialAction\":[{\"@type\":\"ReadAction\",\"target\":[\"https:\/\/andres.ee\/et\/tuotteet\/kaminaesine-porandaklaas\/semi\/\"]}]}]}<\/script>\n<!-- \/ Yoast SEO plugin. -->","_links":{"self":[{"href":"https:\/\/andres.ee\/fi\/wp-json\/wp\/v2\/product\/36369"}],"collection":[{"href":"https:\/\/andres.ee\/fi\/wp-json\/wp\/v2\/product"}],"about":[{"href":"https:\/\/andres.ee\/fi\/wp-json\/wp\/v2\/types\/product"}],"wp:featuredmedia":[{"embeddable":true,"href":"https:\/\/andres.ee\/fi\/wp-json\/wp\/v2\/media\/36428"}],"wp:attachment":[{"href":"https:\/\/andres.ee\/fi\/wp-json\/wp\/v2\/media?parent=36369"}],"curies":[{"name":"wp","href":"https:\/\/api.w.org\/{rel}","templated":true}]}}

<div class="fusion-fullwidth fullwidth-box fusion-builder-row-1 fusion-flex-container nonhundred-percent-fullwidth non-hundred-percent-height-scrolling" style="background-color: rgba(255,255,255,0);background-position: center center;background-repeat: no-repeat;border-width: 0px 0px 0px 0px;border-color:#eae9e9;border-style:solid;" ><div class="fusion-builder-row fusion-row fusion-flex-align-items-flex-start" style="max-width:1248px;margin-left: calc(-4% / 2 );margin-right: calc(-4% / 2 );"><div class="fusion-layout-column fusion_builder_column fusion-builder-column-0 fusion_builder_column_1_1 1_1 fusion-flex-column"><div class="fusion-column-wrapper fusion-flex-justify-content-flex-start fusion-content-layout-column" style="background-position:left top;background-repeat:no-repeat;-webkit-background-size:cover;-moz-background-size:cover;-o-background-size:cover;background-size:cover;padding: 0px 0px 0px 0px;"><div ><style type="text/css">.fusion-button.button-1 {border-radius:0px;}</style><a class="fusion-button button-flat fusion-button-default-size button-default button-1 fusion-button-default-span fusion-button-default-type" target="_blank" rel="noopener noreferrer" href="mailto:andres@andres.ee?subject=Kamina%20põranda%20klaasi%20päring"><span class="fusion-button-text">Lähetä tiedustelu</span></a></div><div ><style type="text/css">.fusion-button.button-2 {border-radius:0px;}</style><a class="fusion-button button-flat fusion-button-default-size button-default button-2 fusion-button-default-span fusion-button-default-type" target="_blank" rel="noopener noreferrer" href="https://andres.ee/wp-content/uploads/2026/02/Floor-glass-manual_FI_148x210mm.pdf"><span class="fusion-button-text">Asennus- ja huolto-ohje</span></a></div></div></div><style type="text/css">.fusion-body .fusion-builder-column-0{width:100% !important;margin-top : 0px;margin-bottom : 0px;}.fusion-builder-column-0 > .fusion-column-wrapper {padding-top : 0px !important;padding-right : 0px !important;margin-right : 1.92%;padding-bottom : 0px !important;padding-left : 0px !important;margin-left : 1.92%;}@media only screen and (max-width:1024px) {.fusion-body .fusion-builder-column-0{width:100% !important;order : 0;}.fusion-builder-column-0 > .fusion-column-wrapper {margin-right : 1.92%;margin-left : 1.92%;}}@media only screen and (max-width:640px) {.fusion-body .fusion-builder-column-0{width:100% !important;order : 0;}.fusion-builder-column-0 > .fusion-column-wrapper {margin-right : 1.92%;margin-left : 1.92%;}}</style></div><style type="text/css">.fusion-body .fusion-flex-container.fusion-builder-row-1{ padding-top : 0px;margin-top : 0px;padding-right : 0px;padding-bottom : 0px;margin-bottom : 0px;padding-left : 0px;}</style></div>

<p data-start="497" data-end="800">Takan eteen asetettava lattialasi suojaa lattiaa lämmöltä, kipinöiltä ja tuhkalta. Karkaistu turvalasi on kestävä ja helposti huollettavissa, ja se sopii erilaisille takkatyypeille. Läpinäkyvä ja minimalistinen ratkaisu säilyttää tilan visuaalisen avaruuden ja sopii erilaisten sisustustyylien kanssa.</p>
<p data-start="802" data-end="843">Saatavilla eri kokoisina ja muotoisina.</p>

<!-- This site is optimized with the Yoast SEO plugin v15.3 - https://yoast.com/wordpress/plugins/seo/ -->
<title>Semi - Andres</title>
<meta name="robots" content="index, follow, max-snippet:-1, max-image-preview:large, max-video-preview:-1" />
<link rel="canonical" href="https://andres.ee/fi/tuotteet/kaminaesine-porandaklaas/semi/" />
<meta property="og:locale" content="fi_FI" />
<meta property="og:type" content="article" />
<meta property="og:title" content="Semi - Andres" />
<meta property="og:description" content="Takan eteen asetettava lattialasi suojaa lattiaa lämmöltä, kipinöiltä ja tuhkalta. Karkaistu turvalasi on kestävä ja helposti huollettavissa, ja se sopii erilaisille takkatyypeille. Läpinäkyvä ja minimalistinen ratkaisu säilyttää tilan visuaalisen avaruuden ja sopii erilaisten sisustustyylien kanssa. Saatavilla eri kokoisina ja muotoisina." />
<meta property="og:url" content="https://andres.ee/et/tuotteet/kaminaesine-porandaklaas/semi/" />
<meta property="og:site_name" content="Andres" />
<meta property="article:modified_time" content="2026-02-17T11:14:43+00:00" />
<meta property="og:image" content="https://andres.ee/wp-content/uploads/2026/02/Semi_1100x950.png" />
	<meta property="og:image:width" content="1080" />
	<meta property="og:image:height" content="1080" />
<meta name="twitter:card" content="summary_large_image" />
<meta name="twitter:label1" content="Written by">
	<meta name="twitter:data1" content="Krislyn Lilleväli">
	<meta name="twitter:label2" content="Est. reading time">
	<meta name="twitter:data2" content="3 minuuttia">
<script type="application/ld+json" class="yoast-schema-graph">{"@context":"https://schema.org","@graph":[{"@type":"WebSite","@id":"https://andres.ee/et/#website","url":"https://andres.ee/et/","name":"Andres","description":"Glass Solutions","potentialAction":[{"@type":"SearchAction","target":"https://andres.ee/et/?s={search_term_string}","query-input":"required name=search_term_string"}],"inLanguage":"fi"},{"@type":"ImageObject","@id":"https://andres.ee/et/tuotteet/kaminaesine-porandaklaas/semi/#primaryimage","inLanguage":"fi","url":"https://andres.ee/wp-content/uploads/2026/02/Semi_1100x950.png","width":1080,"height":1080},{"@type":"WebPage","@id":"https://andres.ee/et/tuotteet/kaminaesine-porandaklaas/semi/#webpage","url":"https://andres.ee/et/tuotteet/kaminaesine-porandaklaas/semi/","name":"Semi - Andres","isPartOf":{"@id":"https://andres.ee/et/#website"},"primaryImageOfPage":{"@id":"https://andres.ee/et/tuotteet/kaminaesine-porandaklaas/semi/#primaryimage"},"datePublished":"2026-02-17T11:08:59+00:00","dateModified":"2026-02-17T11:14:43+00:00","inLanguage":"fi","potentialAction":[{"@type":"ReadAction","target":["https://andres.ee/et/tuotteet/kaminaesine-porandaklaas/semi/"]}]}]}</script>
<!-- / Yoast SEO plugin. -->
