{"id":29894,"date":"2020-04-11T11:36:28","date_gmt":"2020-04-11T08:36:28","guid":{"rendered":"https:\/\/andres.veebispetsid.com\/toode\/estetico\/"},"modified":"2025-09-22T14:59:10","modified_gmt":"2025-09-22T11:59:10","slug":"estetico","status":"publish","type":"product","link":"https:\/\/andres.ee\/fi\/tuotteet\/suihku-_ja_amme_ratkaisut\/ammeseinat\/estetico\/","title":{"rendered":"Estetico"},"content":{"rendered":"<p><div class=\"fusion-fullwidth fullwidth-box fusion-builder-row-1 nonhundred-percent-fullwidth non-hundred-percent-height-scrolling\" style=\"background-color: rgba(255,255,255,0);background-position: center center;background-repeat: no-repeat;padding-top:0px;padding-right:0px;padding-bottom:0px;padding-left:0px;margin-bottom: 0px;margin-top: 0px;border-width: 0px 0px 0px 0px;border-color:#eae9e9;border-style:solid;\" ><div class=\"fusion-builder-row fusion-row\"><div class=\"fusion-layout-column fusion_builder_column fusion-builder-column-0 fusion_builder_column_1_1 1_1 fusion-one-full fusion-column-first fusion-column-last\" style=\"margin-top:0px;margin-bottom:0px;\"><div class=\"fusion-column-wrapper fusion-flex-column-wrapper-legacy\" style=\"background-position:left top;background-repeat:no-repeat;-webkit-background-size:cover;-moz-background-size:cover;-o-background-size:cover;background-size:cover;padding: 0px 0px 0px 0px;\"><div class=\"fusion-text fusion-text-1\" style=\"transform:translate3d(0,0,0);\"><p>Ammeratkaisun kokonaisuus sis\u00e4lt\u00e4\u00e4 8 mm karkaistusta lasi, saranat ja tarvittavat tiivisteet. Tuote toimitetaan kokonaisuutena.<\/p>\n<\/div><div class=\"fusion-button-wrapper\"><style type=\"text\/css\">.fusion-button.button-1 {border-radius:0px;}<\/style><a class=\"fusion-button button-flat fusion-button-default-size button-default button-1 fusion-button-default-span fusion-button-default-type\" target=\"_blank\" rel=\"noopener noreferrer\" href=\"https:\/\/andres.ee\/wp-content\/uploads\/2025\/09\/Estetico_manual_FI.pdf \"><span class=\"fusion-button-text\">Asennusohje<\/span><\/a><\/div><div class=\"fusion-button-wrapper\"><style type=\"text\/css\">.fusion-button.button-2 {border-radius:0px;}<\/style><a class=\"fusion-button button-flat fusion-button-default-size button-default button-2 fusion-button-default-span fusion-button-default-type\" target=\"_blank\" rel=\"noopener noreferrer\" href=\"https:\/\/andres.ee\/wp-content\/uploads\/2025\/02\/Use_and_maintenance_instructions_FI.pdf\"><span class=\"fusion-button-text\">Huoltokirja<\/span><\/a><\/div><div class=\"fusion-button-wrapper\"><style type=\"text\/css\">.fusion-button.button-3 {border-radius:0px;}<\/style><a class=\"fusion-button button-flat fusion-button-default-size button-default button-3 fusion-button-default-span fusion-button-default-type fusion-animated\" data-animationType=\"fadeInLeft\" data-animationDuration=\"0.5\" data-animationOffset=\"100%\" target=\"_blank\" rel=\"noopener noreferrer\" href=\"https:\/\/andresglass.fi\/fin\/ammeseina\/estetico\/\"><span class=\"fusion-button-text\">Osta yksitt\u00e4in<\/span><\/a><\/div><div class=\"fusion-clearfix\"><\/div><\/div><\/div><\/div><\/div><div class=\"fusion-fullwidth fullwidth-box fusion-builder-row-2 ariklient nonhundred-percent-fullwidth non-hundred-percent-height-scrolling\" style=\"background-color: rgba(255,255,255,0);background-position: center center;background-repeat: no-repeat;padding-top:0px;padding-right:0px;padding-bottom:0px;padding-left:0px;margin-bottom: 0px;margin-top: 0px;border-width: 0px 0px 0px 0px;border-color:#eae9e9;border-style:solid;\" ><div class=\"fusion-builder-row fusion-row\"><div class=\"fusion-layout-column fusion_builder_column fusion-builder-column-1 fusion_builder_column_1_1 1_1 fusion-one-full fusion-column-first fusion-column-last\" style=\"margin-top:0px;margin-bottom:0px;\"><div class=\"fusion-column-wrapper fusion-flex-column-wrapper-legacy\" style=\"background-position:left top;background-repeat:no-repeat;-webkit-background-size:cover;-moz-background-size:cover;-o-background-size:cover;background-size:cover;padding: 0px 0px 0px 0px;\"><div class=\"fusion-clearfix\"><\/div><\/div><\/div><\/div><\/div><\/p>\n","protected":false},"excerpt":{"rendered":"<p>&nbsp;<\/p>\n<p>Estetico on liikutettava ammesein\u00e4, jota voi liikuttaa 90\u00b0 puolelle tai toiselle, jotta tarvittaessa saa kylpyalalle lis\u00e4\u00e4 tilaa. Ammelasissa on erityinen monosarana, joka kiinnitt\u00e4\u00e4 ammelasin oikeaan asentoon ja nostaa lasia avattaessa yl\u00f6sp\u00e4in, jonka ansiosta sein\u00e4 liikkuu sujuvasti. Tuote voi yhdistell\u00e4 seuraavasti (oletusarvo on kehystetty).<\/p>\n","protected":false},"featured_media":24192,"template":"","meta":[],"yoast_head":"<!-- This site is optimized with the Yoast SEO plugin v15.3 - https:\/\/yoast.com\/wordpress\/plugins\/seo\/ -->\n<title>Estetico - Andres<\/title>\n<meta name=\"robots\" content=\"index, follow, max-snippet:-1, max-image-preview:large, max-video-preview:-1\" \/>\n<link rel=\"canonical\" href=\"https:\/\/andres.ee\/fi\/tuotteet\/suihku-_ja_amme_ratkaisut\/ammeseinat\/estetico\/\" \/>\n<meta property=\"og:locale\" content=\"fi_FI\" \/>\n<meta property=\"og:type\" content=\"article\" \/>\n<meta property=\"og:title\" content=\"Estetico - Andres\" \/>\n<meta property=\"og:description\" content=\"&nbsp;  Estetico on liikutettava ammesein\u00e4, jota voi liikuttaa 90\u00b0 puolelle tai toiselle, jotta tarvittaessa saa kylpyalalle lis\u00e4\u00e4 tilaa. Ammelasissa on erityinen monosarana, joka kiinnitt\u00e4\u00e4 ammelasin oikeaan asentoon ja nostaa lasia avattaessa yl\u00f6sp\u00e4in, jonka ansiosta sein\u00e4 liikkuu sujuvasti. Tuote voi yhdistell\u00e4 seuraavasti (oletusarvo on kehystetty).\" \/>\n<meta property=\"og:url\" content=\"https:\/\/andres.ee\/fi\/tuotteet\/suihku-_ja_amme_ratkaisut\/ammeseinat\/estetico\/\" \/>\n<meta property=\"og:site_name\" content=\"Andres\" \/>\n<meta property=\"article:modified_time\" content=\"2025-09-22T11:59:10+00:00\" \/>\n<meta property=\"og:image\" content=\"https:\/\/andres.ee\/wp-content\/uploads\/2020\/04\/Estetico_kirgas.jpg\" \/>\n\t<meta property=\"og:image:width\" content=\"1200\" \/>\n\t<meta property=\"og:image:height\" content=\"1600\" \/>\n<meta name=\"twitter:card\" content=\"summary_large_image\" \/>\n<meta name=\"twitter:label1\" content=\"Written by\">\n\t<meta name=\"twitter:data1\" content=\"Daniel\">\n\t<meta name=\"twitter:label2\" content=\"Est. reading time\">\n\t<meta name=\"twitter:data2\" content=\"3 minuuttia\">\n<script type=\"application\/ld+json\" class=\"yoast-schema-graph\">{\"@context\":\"https:\/\/schema.org\",\"@graph\":[{\"@type\":\"WebSite\",\"@id\":\"https:\/\/andres.ee\/et\/#website\",\"url\":\"https:\/\/andres.ee\/et\/\",\"name\":\"Andres\",\"description\":\"Glass Solutions\",\"potentialAction\":[{\"@type\":\"SearchAction\",\"target\":\"https:\/\/andres.ee\/et\/?s={search_term_string}\",\"query-input\":\"required name=search_term_string\"}],\"inLanguage\":\"fi\"},{\"@type\":\"ImageObject\",\"@id\":\"https:\/\/andres.ee\/fi\/tuotteet\/suihku-_ja_amme_ratkaisut\/ammeseinat\/estetico\/#primaryimage\",\"inLanguage\":\"fi\",\"url\":\"https:\/\/andres.ee\/wp-content\/uploads\/2020\/04\/Estetico_kirgas.jpg\",\"width\":1200,\"height\":1600},{\"@type\":\"WebPage\",\"@id\":\"https:\/\/andres.ee\/fi\/tuotteet\/suihku-_ja_amme_ratkaisut\/ammeseinat\/estetico\/#webpage\",\"url\":\"https:\/\/andres.ee\/fi\/tuotteet\/suihku-_ja_amme_ratkaisut\/ammeseinat\/estetico\/\",\"name\":\"Estetico - Andres\",\"isPartOf\":{\"@id\":\"https:\/\/andres.ee\/et\/#website\"},\"primaryImageOfPage\":{\"@id\":\"https:\/\/andres.ee\/fi\/tuotteet\/suihku-_ja_amme_ratkaisut\/ammeseinat\/estetico\/#primaryimage\"},\"datePublished\":\"2020-04-11T08:36:28+00:00\",\"dateModified\":\"2025-09-22T11:59:10+00:00\",\"inLanguage\":\"fi\",\"potentialAction\":[{\"@type\":\"ReadAction\",\"target\":[\"https:\/\/andres.ee\/fi\/tuotteet\/suihku-_ja_amme_ratkaisut\/ammeseinat\/estetico\/\"]}]}]}<\/script>\n<!-- \/ Yoast SEO plugin. -->","_links":{"self":[{"href":"https:\/\/andres.ee\/fi\/wp-json\/wp\/v2\/product\/29894"}],"collection":[{"href":"https:\/\/andres.ee\/fi\/wp-json\/wp\/v2\/product"}],"about":[{"href":"https:\/\/andres.ee\/fi\/wp-json\/wp\/v2\/types\/product"}],"wp:featuredmedia":[{"embeddable":true,"href":"https:\/\/andres.ee\/fi\/wp-json\/wp\/v2\/media\/24192"}],"wp:attachment":[{"href":"https:\/\/andres.ee\/fi\/wp-json\/wp\/v2\/media?parent=29894"}],"curies":[{"name":"wp","href":"https:\/\/api.w.org\/{rel}","templated":true}]}}

<p><div class="fusion-fullwidth fullwidth-box fusion-builder-row-1 nonhundred-percent-fullwidth non-hundred-percent-height-scrolling" style="background-color: rgba(255,255,255,0);background-position: center center;background-repeat: no-repeat;padding-top:0px;padding-right:0px;padding-bottom:0px;padding-left:0px;margin-bottom: 0px;margin-top: 0px;border-width: 0px 0px 0px 0px;border-color:#eae9e9;border-style:solid;" ><div class="fusion-builder-row fusion-row"><div class="fusion-layout-column fusion_builder_column fusion-builder-column-0 fusion_builder_column_1_1 1_1 fusion-one-full fusion-column-first fusion-column-last" style="margin-top:0px;margin-bottom:0px;"><div class="fusion-column-wrapper fusion-flex-column-wrapper-legacy" style="background-position:left top;background-repeat:no-repeat;-webkit-background-size:cover;-moz-background-size:cover;-o-background-size:cover;background-size:cover;padding: 0px 0px 0px 0px;"><div class="fusion-text fusion-text-1" style="transform:translate3d(0,0,0);"><p>Ammeratkaisun kokonaisuus sisältää 8 mm karkaistusta lasi, saranat ja tarvittavat tiivisteet. Tuote toimitetaan kokonaisuutena.</p>
</div><div class="fusion-button-wrapper"><style type="text/css">.fusion-button.button-1 {border-radius:0px;}</style><a class="fusion-button button-flat fusion-button-default-size button-default button-1 fusion-button-default-span fusion-button-default-type" target="_blank" rel="noopener noreferrer" href="https://andres.ee/wp-content/uploads/2025/09/Estetico_manual_FI.pdf "><span class="fusion-button-text">Asennusohje</span></a></div><div class="fusion-button-wrapper"><style type="text/css">.fusion-button.button-2 {border-radius:0px;}</style><a class="fusion-button button-flat fusion-button-default-size button-default button-2 fusion-button-default-span fusion-button-default-type" target="_blank" rel="noopener noreferrer" href="https://andres.ee/wp-content/uploads/2025/02/Use_and_maintenance_instructions_FI.pdf"><span class="fusion-button-text">Huoltokirja</span></a></div><div class="fusion-button-wrapper"><style type="text/css">.fusion-button.button-3 {border-radius:0px;}</style><a class="fusion-button button-flat fusion-button-default-size button-default button-3 fusion-button-default-span fusion-button-default-type fusion-animated" data-animationType="fadeInLeft" data-animationDuration="0.5" data-animationOffset="100%" target="_blank" rel="noopener noreferrer" href="https://andresglass.fi/fin/ammeseina/estetico/"><span class="fusion-button-text">Osta yksittäin</span></a></div><div class="fusion-clearfix"></div></div></div></div></div><div class="fusion-fullwidth fullwidth-box fusion-builder-row-2 ariklient nonhundred-percent-fullwidth non-hundred-percent-height-scrolling" style="background-color: rgba(255,255,255,0);background-position: center center;background-repeat: no-repeat;padding-top:0px;padding-right:0px;padding-bottom:0px;padding-left:0px;margin-bottom: 0px;margin-top: 0px;border-width: 0px 0px 0px 0px;border-color:#eae9e9;border-style:solid;" ><div class="fusion-builder-row fusion-row"><div class="fusion-layout-column fusion_builder_column fusion-builder-column-1 fusion_builder_column_1_1 1_1 fusion-one-full fusion-column-first fusion-column-last" style="margin-top:0px;margin-bottom:0px;"><div class="fusion-column-wrapper fusion-flex-column-wrapper-legacy" style="background-position:left top;background-repeat:no-repeat;-webkit-background-size:cover;-moz-background-size:cover;-o-background-size:cover;background-size:cover;padding: 0px 0px 0px 0px;"><div class="fusion-clearfix"></div></div></div></div></div></p>

<p>&nbsp;</p>
<p>Estetico on liikutettava ammeseinä, jota voi liikuttaa 90° puolelle tai toiselle, jotta tarvittaessa saa kylpyalalle lisää tilaa. Ammelasissa on erityinen monosarana, joka kiinnittää ammelasin oikeaan asentoon ja nostaa lasia avattaessa ylöspäin, jonka ansiosta seinä liikkuu sujuvasti. Tuote voi yhdistellä seuraavasti (oletusarvo on kehystetty).</p>

<!-- This site is optimized with the Yoast SEO plugin v15.3 - https://yoast.com/wordpress/plugins/seo/ -->
<title>Estetico - Andres</title>
<meta name="robots" content="index, follow, max-snippet:-1, max-image-preview:large, max-video-preview:-1" />
<link rel="canonical" href="https://andres.ee/fi/tuotteet/suihku-_ja_amme_ratkaisut/ammeseinat/estetico/" />
<meta property="og:locale" content="fi_FI" />
<meta property="og:type" content="article" />
<meta property="og:title" content="Estetico - Andres" />
<meta property="og:description" content="&nbsp;  Estetico on liikutettava ammeseinä, jota voi liikuttaa 90° puolelle tai toiselle, jotta tarvittaessa saa kylpyalalle lisää tilaa. Ammelasissa on erityinen monosarana, joka kiinnittää ammelasin oikeaan asentoon ja nostaa lasia avattaessa ylöspäin, jonka ansiosta seinä liikkuu sujuvasti. Tuote voi yhdistellä seuraavasti (oletusarvo on kehystetty)." />
<meta property="og:url" content="https://andres.ee/fi/tuotteet/suihku-_ja_amme_ratkaisut/ammeseinat/estetico/" />
<meta property="og:site_name" content="Andres" />
<meta property="article:modified_time" content="2025-09-22T11:59:10+00:00" />
<meta property="og:image" content="https://andres.ee/wp-content/uploads/2020/04/Estetico_kirgas.jpg" />
	<meta property="og:image:width" content="1200" />
	<meta property="og:image:height" content="1600" />
<meta name="twitter:card" content="summary_large_image" />
<meta name="twitter:label1" content="Written by">
	<meta name="twitter:data1" content="Daniel">
	<meta name="twitter:label2" content="Est. reading time">
	<meta name="twitter:data2" content="3 minuuttia">
<script type="application/ld+json" class="yoast-schema-graph">{"@context":"https://schema.org","@graph":[{"@type":"WebSite","@id":"https://andres.ee/et/#website","url":"https://andres.ee/et/","name":"Andres","description":"Glass Solutions","potentialAction":[{"@type":"SearchAction","target":"https://andres.ee/et/?s={search_term_string}","query-input":"required name=search_term_string"}],"inLanguage":"fi"},{"@type":"ImageObject","@id":"https://andres.ee/fi/tuotteet/suihku-_ja_amme_ratkaisut/ammeseinat/estetico/#primaryimage","inLanguage":"fi","url":"https://andres.ee/wp-content/uploads/2020/04/Estetico_kirgas.jpg","width":1200,"height":1600},{"@type":"WebPage","@id":"https://andres.ee/fi/tuotteet/suihku-_ja_amme_ratkaisut/ammeseinat/estetico/#webpage","url":"https://andres.ee/fi/tuotteet/suihku-_ja_amme_ratkaisut/ammeseinat/estetico/","name":"Estetico - Andres","isPartOf":{"@id":"https://andres.ee/et/#website"},"primaryImageOfPage":{"@id":"https://andres.ee/fi/tuotteet/suihku-_ja_amme_ratkaisut/ammeseinat/estetico/#primaryimage"},"datePublished":"2020-04-11T08:36:28+00:00","dateModified":"2025-09-22T11:59:10+00:00","inLanguage":"fi","potentialAction":[{"@type":"ReadAction","target":["https://andres.ee/fi/tuotteet/suihku-_ja_amme_ratkaisut/ammeseinat/estetico/"]}]}]}</script>
<!-- / Yoast SEO plugin. -->
