{"id":36253,"date":"2025-11-13T13:10:19","date_gmt":"2025-11-13T11:10:19","guid":{"rendered":"https:\/\/andres.ee\/tuotteet\/kamina-esise-poranda-klaas\/"},"modified":"2026-02-17T12:21:45","modified_gmt":"2026-02-17T10:21:45","slug":"takan-eteen-asetettava-lattialasi","status":"publish","type":"page","link":"https:\/\/andres.ee\/fi\/tuotteet\/takan-eteen-asetettava-lattialasi\/","title":{"rendered":"Takan eteen asetettava lattialasi"},"content":{"rendered":"<p><div class=\"fusion-fullwidth fullwidth-box fusion-builder-row-1 nonhundred-percent-fullwidth non-hundred-percent-height-scrolling\" style=\"background-color: rgba(255,255,255,0);background-position: center center;background-repeat: no-repeat;padding-top:0px;padding-right:0px;padding-bottom:0px;padding-left:0px;margin-bottom: 0px;margin-top: 0px;border-width: 0px 0px 0px 0px;border-color:#eae9e9;border-style:solid;\" ><div class=\"fusion-builder-row fusion-row\"><div class=\"fusion-layout-column fusion_builder_column fusion-builder-column-0 fusion_builder_column_1_1 1_1 fusion-one-full fusion-column-first fusion-column-last\" style=\"margin-top:0px;margin-bottom:0px;\"><div class=\"fusion-column-wrapper fusion-flex-column-wrapper-legacy\" style=\"background-position:left top;background-repeat:no-repeat;-webkit-background-size:cover;-moz-background-size:cover;-o-background-size:cover;background-size:cover;padding: 0px 0px 0px 0px;\"><div class=\"fusion-text fusion-text-1\" style=\"transform:translate3d(0,0,0);\"><p data-start=\"613\" data-end=\"1023\">Takan eteen asetettava lattialasi on k\u00e4yt\u00e4nn\u00f6llinen ja elegantti ratkaisu, joka suojaa lattiaa kipin\u00f6ilt\u00e4 ja l\u00e4mm\u00f6lt\u00e4 sek\u00e4 lis\u00e4\u00e4 sisustukseen modernin ja ylellisen ilmeen. Karkaistusta kest\u00e4v\u00e4st\u00e4 lasista valmistettu lattialasi takaa turvallisuuden ja helpon huollon. Lasi sopii niin klassiseen kuin nykyaikaiseen sisustukseen, korostaen takan kauneutta ja luoden siistin ja viimeistellyn kokonaisvaikutelman.<\/p>\n<p data-start=\"1025\" data-end=\"1103\">Saatavilla eri lasis\u00e4vyiss\u00e4, jotta l\u00f6yd\u00e4t juuri kodillesi sopivan ratkaisun.<\/p>\n<\/div><div class=\"fusion-clearfix\"><\/div><\/div><\/div><\/div><\/div><div class=\"fusion-fullwidth fullwidth-box fusion-builder-row-2 nonhundred-percent-fullwidth non-hundred-percent-height-scrolling\" style=\"background-color: rgba(255,255,255,0);background-position: center center;background-repeat: no-repeat;padding-top:0px;padding-right:0px;padding-bottom:0px;padding-left:0px;margin-bottom: 0px;margin-top: 0px;border-width: 0px 0px 0px 0px;border-color:#eae9e9;border-style:solid;\" ><div class=\"fusion-builder-row fusion-row\"><div class=\"fusion-layout-column fusion_builder_column fusion-builder-column-1 fusion_builder_column_1_1 1_1 fusion-one-full fusion-column-first fusion-column-last\" style=\"margin-top:0px;margin-bottom:0px;\"><div class=\"fusion-column-wrapper fusion-flex-column-wrapper-legacy\" style=\"background-position:left top;background-repeat:no-repeat;-webkit-background-size:cover;-moz-background-size:cover;-o-background-size:cover;background-size:cover;padding: 0px 0px 0px 0px;\"><div class=\"fusion-text fusion-text-2\" style=\"transform:translate3d(0,0,0);\"><div class=\"woocommerce columns-3 \"><\/div>\n<\/div><div class=\"fusion-clearfix\"><\/div><\/div><\/div><\/div><\/div><\/p>\n","protected":false},"excerpt":{"rendered":"","protected":false},"author":58,"featured_media":0,"parent":22421,"menu_order":4,"comment_status":"closed","ping_status":"closed","template":"","meta":[],"yoast_head":"<!-- This site is optimized with the Yoast SEO plugin v15.3 - https:\/\/yoast.com\/wordpress\/plugins\/seo\/ -->\n<title>Takan eteen asetettava lattialasi - Andres<\/title>\n<meta name=\"robots\" content=\"index, follow, max-snippet:-1, max-image-preview:large, max-video-preview:-1\" \/>\n<link rel=\"canonical\" href=\"https:\/\/andres.ee\/fi\/tuotteet\/takan-eteen-asetettava-lattialasi\/\" \/>\n<meta property=\"og:locale\" content=\"fi_FI\" \/>\n<meta property=\"og:type\" content=\"article\" \/>\n<meta property=\"og:title\" content=\"Takan eteen asetettava lattialasi - Andres\" \/>\n<meta property=\"og:url\" content=\"https:\/\/andres.ee\/fi\/tuotteet\/takan-eteen-asetettava-lattialasi\/\" \/>\n<meta property=\"og:site_name\" content=\"Andres\" \/>\n<meta property=\"article:modified_time\" content=\"2026-02-17T10:21:45+00:00\" \/>\n<meta name=\"twitter:card\" content=\"summary_large_image\" \/>\n<meta name=\"twitter:label1\" content=\"Written by\">\n\t<meta name=\"twitter:data1\" content=\"Krislyn Lillev\u00e4li\">\n\t<meta name=\"twitter:label2\" content=\"Est. reading time\">\n\t<meta name=\"twitter:data2\" content=\"2 minuuttia\">\n<script type=\"application\/ld+json\" class=\"yoast-schema-graph\">{\"@context\":\"https:\/\/schema.org\",\"@graph\":[{\"@type\":\"WebSite\",\"@id\":\"https:\/\/andres.ee\/et\/#website\",\"url\":\"https:\/\/andres.ee\/et\/\",\"name\":\"Andres\",\"description\":\"Glass Solutions\",\"potentialAction\":[{\"@type\":\"SearchAction\",\"target\":\"https:\/\/andres.ee\/et\/?s={search_term_string}\",\"query-input\":\"required name=search_term_string\"}],\"inLanguage\":\"fi\"},{\"@type\":\"WebPage\",\"@id\":\"https:\/\/andres.ee\/fi\/tuotteet\/takan-eteen-asetettava-lattialasi\/#webpage\",\"url\":\"https:\/\/andres.ee\/fi\/tuotteet\/takan-eteen-asetettava-lattialasi\/\",\"name\":\"Takan eteen asetettava lattialasi - Andres\",\"isPartOf\":{\"@id\":\"https:\/\/andres.ee\/et\/#website\"},\"datePublished\":\"2025-11-13T11:10:19+00:00\",\"dateModified\":\"2026-02-17T10:21:45+00:00\",\"inLanguage\":\"fi\",\"potentialAction\":[{\"@type\":\"ReadAction\",\"target\":[\"https:\/\/andres.ee\/fi\/tuotteet\/takan-eteen-asetettava-lattialasi\/\"]}]}]}<\/script>\n<!-- \/ Yoast SEO plugin. -->","_links":{"self":[{"href":"https:\/\/andres.ee\/fi\/wp-json\/wp\/v2\/pages\/36253"}],"collection":[{"href":"https:\/\/andres.ee\/fi\/wp-json\/wp\/v2\/pages"}],"about":[{"href":"https:\/\/andres.ee\/fi\/wp-json\/wp\/v2\/types\/page"}],"author":[{"embeddable":true,"href":"https:\/\/andres.ee\/fi\/wp-json\/wp\/v2\/users\/58"}],"replies":[{"embeddable":true,"href":"https:\/\/andres.ee\/fi\/wp-json\/wp\/v2\/comments?post=36253"}],"version-history":[{"count":3,"href":"https:\/\/andres.ee\/fi\/wp-json\/wp\/v2\/pages\/36253\/revisions"}],"predecessor-version":[{"id":36265,"href":"https:\/\/andres.ee\/fi\/wp-json\/wp\/v2\/pages\/36253\/revisions\/36265"}],"up":[{"embeddable":true,"href":"https:\/\/andres.ee\/fi\/wp-json\/wp\/v2\/pages\/22421"}],"wp:attachment":[{"href":"https:\/\/andres.ee\/fi\/wp-json\/wp\/v2\/media?parent=36253"}],"curies":[{"name":"wp","href":"https:\/\/api.w.org\/{rel}","templated":true}]}}

<p><div class="fusion-fullwidth fullwidth-box fusion-builder-row-1 nonhundred-percent-fullwidth non-hundred-percent-height-scrolling" style="background-color: rgba(255,255,255,0);background-position: center center;background-repeat: no-repeat;padding-top:0px;padding-right:0px;padding-bottom:0px;padding-left:0px;margin-bottom: 0px;margin-top: 0px;border-width: 0px 0px 0px 0px;border-color:#eae9e9;border-style:solid;" ><div class="fusion-builder-row fusion-row"><div class="fusion-layout-column fusion_builder_column fusion-builder-column-0 fusion_builder_column_1_1 1_1 fusion-one-full fusion-column-first fusion-column-last" style="margin-top:0px;margin-bottom:0px;"><div class="fusion-column-wrapper fusion-flex-column-wrapper-legacy" style="background-position:left top;background-repeat:no-repeat;-webkit-background-size:cover;-moz-background-size:cover;-o-background-size:cover;background-size:cover;padding: 0px 0px 0px 0px;"><div class="fusion-text fusion-text-1" style="transform:translate3d(0,0,0);"><p data-start="613" data-end="1023">Takan eteen asetettava lattialasi on käytännöllinen ja elegantti ratkaisu, joka suojaa lattiaa kipinöiltä ja lämmöltä sekä lisää sisustukseen modernin ja ylellisen ilmeen. Karkaistusta kestävästä lasista valmistettu lattialasi takaa turvallisuuden ja helpon huollon. Lasi sopii niin klassiseen kuin nykyaikaiseen sisustukseen, korostaen takan kauneutta ja luoden siistin ja viimeistellyn kokonaisvaikutelman.</p>
<p data-start="1025" data-end="1103">Saatavilla eri lasisävyissä, jotta löydät juuri kodillesi sopivan ratkaisun.</p>
</div><div class="fusion-clearfix"></div></div></div></div></div><div class="fusion-fullwidth fullwidth-box fusion-builder-row-2 nonhundred-percent-fullwidth non-hundred-percent-height-scrolling" style="background-color: rgba(255,255,255,0);background-position: center center;background-repeat: no-repeat;padding-top:0px;padding-right:0px;padding-bottom:0px;padding-left:0px;margin-bottom: 0px;margin-top: 0px;border-width: 0px 0px 0px 0px;border-color:#eae9e9;border-style:solid;" ><div class="fusion-builder-row fusion-row"><div class="fusion-layout-column fusion_builder_column fusion-builder-column-1 fusion_builder_column_1_1 1_1 fusion-one-full fusion-column-first fusion-column-last" style="margin-top:0px;margin-bottom:0px;"><div class="fusion-column-wrapper fusion-flex-column-wrapper-legacy" style="background-position:left top;background-repeat:no-repeat;-webkit-background-size:cover;-moz-background-size:cover;-o-background-size:cover;background-size:cover;padding: 0px 0px 0px 0px;"><div class="fusion-text fusion-text-2" style="transform:translate3d(0,0,0);"><div class="woocommerce columns-3 "></div>
</div><div class="fusion-clearfix"></div></div></div></div></div></p>

<!-- This site is optimized with the Yoast SEO plugin v15.3 - https://yoast.com/wordpress/plugins/seo/ -->
<title>Takan eteen asetettava lattialasi - Andres</title>
<meta name="robots" content="index, follow, max-snippet:-1, max-image-preview:large, max-video-preview:-1" />
<link rel="canonical" href="https://andres.ee/fi/tuotteet/takan-eteen-asetettava-lattialasi/" />
<meta property="og:locale" content="fi_FI" />
<meta property="og:type" content="article" />
<meta property="og:title" content="Takan eteen asetettava lattialasi - Andres" />
<meta property="og:url" content="https://andres.ee/fi/tuotteet/takan-eteen-asetettava-lattialasi/" />
<meta property="og:site_name" content="Andres" />
<meta property="article:modified_time" content="2026-02-17T10:21:45+00:00" />
<meta name="twitter:card" content="summary_large_image" />
<meta name="twitter:label1" content="Written by">
	<meta name="twitter:data1" content="Krislyn Lilleväli">
	<meta name="twitter:label2" content="Est. reading time">
	<meta name="twitter:data2" content="2 minuuttia">
<script type="application/ld+json" class="yoast-schema-graph">{"@context":"https://schema.org","@graph":[{"@type":"WebSite","@id":"https://andres.ee/et/#website","url":"https://andres.ee/et/","name":"Andres","description":"Glass Solutions","potentialAction":[{"@type":"SearchAction","target":"https://andres.ee/et/?s={search_term_string}","query-input":"required name=search_term_string"}],"inLanguage":"fi"},{"@type":"WebPage","@id":"https://andres.ee/fi/tuotteet/takan-eteen-asetettava-lattialasi/#webpage","url":"https://andres.ee/fi/tuotteet/takan-eteen-asetettava-lattialasi/","name":"Takan eteen asetettava lattialasi - Andres","isPartOf":{"@id":"https://andres.ee/et/#website"},"datePublished":"2025-11-13T11:10:19+00:00","dateModified":"2026-02-17T10:21:45+00:00","inLanguage":"fi","potentialAction":[{"@type":"ReadAction","target":["https://andres.ee/fi/tuotteet/takan-eteen-asetettava-lattialasi/"]}]}]}</script>
<!-- / Yoast SEO plugin. -->
